mon factor of 342 and 36.
18
Calculate the greatest common divisor of 735 and 189.
21
What is the highest common divisor of 16 and 83?
1
Calculate the highest common factor of 253 and 414.
23
What is the greatest common factor of 14 and 25634?
14
Calculate the highest common divisor of 440 and 33.
11
What is the highest common factor of 14 and 126?
14
What is the highest common divisor of 87 and 1421?
29
What is the highest common divisor of 55535 and 145?
145
Calculate the highest common divisor of 36 and 3159.
9
What is the highest common factor of 111 and 14097?
111
What is the greatest common divisor of 330 and 102?
6
Calculate the greatest common divisor of 24 and 2136.
24
What is the greatest common divisor of 1089 and 54?
9
Calculate the highest common divisor of 18 and 2466.
18
What is the greatest common factor of 5115 and 495?
165
What is the greatest common factor of 2712 and 24?
24
What is the highest common divisor of 1461 and 36?
3
Calculate the greatest common factor of 25 and 90.
5
Calculate the highest common factor of 42 and 854.
14
What is the greatest common divisor of 5325 and 75?
75
What is the highest common divisor of 30 and 80?
10
Calculate the greatest common factor of 52 and 130.
26
What is the greatest common factor of 41 and 5371?
41
Calculate the greatest common divisor of 899 and 116.
29
Calculate the highest common divisor of 833 and 4557.
49
What is the greatest common factor of 44 and 462?
22
What is the highest common factor of 18 and 126?
18
What is the highest common factor of 444 and 1164?
12
What is the highest common factor of 120 and 5680?
40
What is the highest common factor of 144 and 1458?
18
Calculate the greatest common divisor of 105 and 735.
105
Calculate the highest common divisor of 27406 and 142.
142
What is the greatest common factor of 14 and 1050?
14
What is the greatest common divisor of 2875 and 23?
23
Calculate the greatest common factor of 222 and 38702.
74
What is the highest common divisor of 5 and 515?
5
What is the highest common divisor of 28 and 8?
4
What is the highest common divisor of 544 and 32?
32
What is the highest common factor of 12 and 27?
3
Calculate the highest common factor of 21 and 2541.
21
Calculate the highest common divisor of 1390 and 10.
10
Calculate the greatest common divisor of 1469 and 182.
13
What is the greatest common divisor of 430 and 60?
10
What is the highest common divisor of 570 and 456?
114
What is the highest common factor of 12 and 1032?
12
What is the greatest common factor of 42 and 112?
14
Calculate the greatest common divisor of 58 and 9454.
58
What is the highest common divisor of 3206 and 14?
14
What is the greatest common divisor of 31 and 93?
31
What is the greatest common divisor of 306 and 54?
18
What is the greatest common divisor of 810 and 30?
30
Calculate the highest common divisor of 171 and 209.
19
Calculate the greatest common factor of 330 and 198.
66
Calculate the highest common divisor of 682 and 20119.
341
What is the greatest common divisor of 6570 and 360?
90
What is the highest common factor of 533 and 205?
41
What is the highest common factor of 425 and 1785?
85
Calculate the highest common divisor of 776 and 679.
97
What is the greatest common divisor of 144 and 99?
9
What is the greatest common divisor of 54 and 1350?
54
Calculate the highest common factor of 12 and 3324.
12
Calculate the greatest common factor of 350 and 50.
50
Calculate the greatest common divisor of 51 and 5253.
51
Calculate the highest common factor of 432 and 1107.
27
Calculate the greatest common factor of 98 and 82222.
98
What is the highest common factor of 15 and 20?
5
Calculate the highest common factor of 36 and 44.
4
What is the highest common factor of 66 and 957?
33
What is the highest common factor of 69 and 115?
23
Calculate the highest common factor of 32 and 13472.
32
Calculate the highest common divisor of 95 and 1235.
95
Calculate the greatest common divisor of 16326 and 18.
18
What is the greatest common factor of 105 and 1295?
35
Calculate the highest common factor of 506 and 418.
22
Calculate the highest common factor of 168 and 63.
21
Calculate the greatest common divisor of 31 and 4.
1
Calculate the highest common divisor of 14 and 854.
14
Calculate the highest common divisor of 14 and 1589.
7
What is the greatest common divisor of 3362 and 246?
82
Calculate the highest common factor of 208 and 221.
13
Calculate the greatest common divisor of 198 and 2442.
66
Calculate the highest common divisor of 5183 and 355.
71
Calculate the highest common divisor of 32 and 416.
32
Calculate the highest common factor of 35 and 3395.
35
Calculate the highest common divisor of 26 and 42.
2
Calculate the greatest common divisor of 145 and 1334.
29
What is the greatest common divisor of 180 and 1280?
20
Calculate the highest common divisor of 4 and 13564.
4
What is the highest common divisor of 84 and 12?
12
Calculate the greatest common divisor of 119 and 21.
7
Calculate the highest common divisor of 200 and 1075.
25
Calculate the greatest common factor of 9756 and 271.
271
What is the highest common factor of 28 and 20244?
28
What is the greatest common divisor of 2193 and 306?
51
Calculate the highest common divisor of 990 and 810.
90
What is the greatest common divisor of 310 and 50?
10
Calculate the highest common factor of 5 and 12.
1
Calculate the highest common divisor of 270 and 180.
90
Calculate the greatest common divisor of 1781 and 13.
13
What is the highest common factor of 350 and 72800?
350
What is the highest common divisor of 4712 and 304?
152
What is the greatest common factor of 1309 and 14?
7
Calculate the highest common divisor of 21 and 24.
3
What is the highest common divisor of 1406 and 152?
38
Calculate the greatest common divisor of 110 and 44.
22
Calculate the greatest common divisor of 52 and 910.
26
What is the greatest common divisor of 25 and 200?
25
What is the greatest common factor of 195 and 45?
15
What is the greatest common divisor of 89 and 1?
1
Calculate the greatest common divisor of 45 and 60.
15
What is the highest common factor of 13376 and 209?
209
What is the greatest common divisor of 252 and 180?
36
What is the highest common factor of 44 and 187?
11
What is the greatest common factor of 684 and 81?
9
What is the greatest common factor of 285 and 30?
15
What is the greatest common divisor of 1056 and 33?
33
Calculate the greatest common divisor of 26 and 13715.
13
Calculate the greatest common factor of 126 and 1113.
21
What is the greatest common factor of 88 and 23056?
88
Calculate the highest common factor of 16 and 128.
16
What is the highest common factor of 45 and 9549?
9
Calculate the greatest common factor of 15 and 815.
5
Calculate the greatest common factor of 2414 and 34.
34
What is the highest common divisor of 176 and 656?
16
What is the highest common factor of 4 and 47?
1
Calculate the highest common factor of 63 and 1827.
63
What is the highest common divisor of 432 and 16?
16
What is the greatest common divisor of 2 and 10?
2
What is the greatest common factor of 1032 and 387?
129
What is the highest common factor of 22 and 11?
11
What is the greatest common factor of 19 and 608?
19
Calculate the highest common divisor of 407 and 44.
11
Calculate the highest common divisor of 486 and 648.
162
What is the greatest common divisor of 90 and 18?
18
Calculate the greatest common factor of 57 and 437.
19
Calculate the greatest common factor of 80 and 8530.
10
Calculate the highest common factor of 29 and 348.
29
What is the highest common factor of 102 and 2754?
102
What is the greatest common factor of 2013 and 22?
11
What is the highest common divisor of 56 and 29372?
28
What is the highest common divisor of 416 and 384?
32
Calculate the greatest common divisor of 42 and 112.
14
What is the highest common divisor of 75 and 575?
25
Calculate the highest common divisor of 602 and 14.
14
What is the highest common divisor of 135 and 81?
27
Calculate the highest common divisor of 498 and 282.
6
Calculate the highest common factor of 324 and 24.
12
Calculate the greatest common divisor of 1505 and 11137.
301
What is the highest common factor of 131 and 5633?
131
What is the greatest c